9 is divided by 79.
0
Calculate the remainder when 99 is divided by 12.
3
Calculate the remainder when 414 is divided by 83.
82
What is the remainder when 100 is divided by 17?
15
What is the remainder when 455 is divided by 132?
59
What is the remainder when 654 is divided by 71?
15
Calculate the remainder when 27 is divided by 10.
7
Calculate the remainder when 249 is divided by 119.
11
What is the remainder when 2159 is divided by 4?
3
What is the remainder when 182 is divided by 19?
11
Calculate the remainder when 2532 is divided by 39.
36
Calculate the remainder when 959 is divided by 136.
7
What is the remainder when 124 is divided by 23?
9
Calculate the remainder when 21 is divided by 7.
0
Calculate the remainder when 197 is divided by 9.
8
What is the remainder when 479 is divided by 145?
44
Calculate the remainder when 6818 is divided by 49.
7
Calculate the remainder when 259 is divided by 140.
119
What is the remainder when 2797 is divided by 56?
53
Calculate the remainder when 464 is divided by 392.
72
What is the remainder when 370 is divided by 147?
76
What is the remainder when 460 is divided by 14?
12
What is the remainder when 153 is divided by 18?
9
What is the remainder when 184 is divided by 62?
60
What is the remainder when 271 is divided by 121?
29
What is the remainder when 190 is divided by 157?
33
Calculate the remainder when 1114 is divided by 70.
64
Calculate the remainder when 1584 is divided by 54.
18
Calculate the remainder when 909 is divided by 246.
171
What is the remainder when 1767 is divided by 6?
3
What is the remainder when 3125 is divided by 780?
5
What is the remainder when 366 is divided by 107?
45
What is the remainder when 1993 is divided by 59?
46
Calculate the remainder when 4118 is divided by 40.
38
Calculate the remainder when 1091 is divided by 90.
11
What is the remainder when 1341 is divided by 41?
29
What is the remainder when 161 is divided by 13?
5
What is the remainder when 445 is divided by 44?
5
What is the remainder when 239 is divided by 65?
44
What is the remainder when 1184 is divided by 394?
2
What is the remainder when 324 is divided by 72?
36
What is the remainder when 14 is divided by 1?
0
What is the remainder when 23650 is divided by 67?
66
What is the remainder when 1958 is divided by 109?
105
What is the remainder when 22 is divided by 12?
10
Calculate the remainder when 113 is divided by 38.
37
Calculate the remainder when 958 is divided by 60.
58
Calculate the remainder when 1726 is divided by 49.
11
Calculate the remainder when 358 is divided by 91.
85
What is the remainder when 206 is divided by 32?
14
Calculate the remainder when 8623 is divided by 176.
175
What is the remainder when 2550 is divided by 834?
48
What is the remainder when 53 is divided by 8?
5
What is the remainder when 919 is divided by 37?
31
What is the remainder when 30 is divided by 17?
13
Calculate the remainder when 503 is divided by 40.
23
What is the remainder when 1096 is divided by 272?
8
What is the remainder when 113 is divided by 74?
39
Calculate the remainder when 85 is divided by 15.
10
Calculate the remainder when 165 is divided by 42.
39
Calculate the remainder when 104 is divided by 96.
8
What is the remainder when 10475 is divided by 18?
17
Calculate the remainder when 638 is divided by 324.
314
What is the remainder when 9552 is divided by 91?
88
What is the remainder when 889 is divided by 33?
31
Calculate the remainder when 212 is divided by 62.
26
What is the remainder when 4006 is divided by 211?
208
What is the remainder when 1098 is divided by 24?
18
What is the remainder when 88 is divided by 9?
7
What is the remainder when 153 is divided by 26?
23
Calculate the remainder when 515 is divided by 74.
71
What is the remainder when 649 is divided by 106?
13
Calculate the remainder when 445 is divided by 151.
143
What is the remainder when 1181 is divided by 3?
2
Calculate the remainder when 612 is divided by 15.
12
What is the remainder when 46 is divided by 33?
13
What is the remainder when 341 is divided by 57?
56
What is the remainder when 829 is divided by 10?
9
What is the remainder when 3743 is divided by 39?
38
What is the remainder when 23358 is divided by 20?
18
Calculate the remainder when 6255 is divided by 2080.
15
What is the remainder when 123 is divided by 82?
41
Calculate the remainder when 1465 is divided by 27.
7
Calculate the remainder when 1167 is divided by 130.
127
What is the remainder when 430 is divided by 61?
3
What is the remainder when 102 is divided by 98?
4
Calculate the remainder when 400 is divided by 10.
0
Calculate the remainder when 3771 is divided by 92.
91
What is the remainder when 3103 is divided by 27?
25
What is the remainder when 709 is divided by 45?
34
What is the remainder when 2750 is divided by 4?
2
Calculate the remainder when 424 is divided by 51.
16
What is the remainder when 1626 is divided by 11?
9
Calculate the remainder when 179 is divided by 24.
11
What is the remainder when 6954 is divided by 13?
12
What is the remainder when 973 is divided by 322?
7
Calculate the remainder when 294 is divided by 156.
138
What is the remainder when 333 is divided by 8?
5
What is the remainder when 1500 is divided by 16?
12
Calculate the remainder when 5958 is divided by 28.
22
What is the remainder when 86 is divided by 13?
8
What is the remainder when 324 is divided by 73?
32
Calculate the remainder when 1555 is divided by 385.
15
What is the remainder when 728 is divided by 27?
26
What is the remainder when 330 is divided by 329?
1
Calculate the remainder when 351 is divided by 149.
53
Calculate the remainder when 833 is divided by 21.
14
What is the remainder when 228 is divided by 53?
16
Calculate the remainder when 26 is divided by 14.
12
Calculate the remainder when 1356 is divided by 80.
76
Calculate the remainder when 1367 is divided by 194.
9
What is the remainder when 102 is divided by 95?
7
What is the remainder when 2564 is divided by 9?
8
What is the remainder when 43989 is divided by 156?
153
Calculate the remainder when 118 is divided by 50.
18
Calculate the remainder when 11458 is divided by 395.
3
Calculate the remainder when 566 is divided by 63.
62
Calculate the remainder when 23 is divided by 13.
10
Calculate the remainder when 211 is divided by 54.
49
What is the remainder when 1846 is divided by 43?
40
What is the remainder when 238 is divided by 60?
58
What is the remainder when 244 is divided by 40?
4
Calculate the remainder when 46 is divided by 37.
9
What is the remainder when 4891 is divided by 144?
139
What is the remainder when 108 is divided by 29?
21
Calculate the remainder when 1543 is divided by 97.
88
Calculate the remainder when 19181 is divided by 44.
41
Calculate the remainder when 175 is divided by 16.
15
Calculate the remainder when 179 is divided by 16.
3
What is the remainder when 1933 is divided by 644?
1
What is the remainder when 8317 is divided by 64?
61
Calculate the remainder when 106 is divided by 38.
30
Calculate the remainder when 310 is divided by 26.
24
Calculate the remainder when 214 is divided by 39.
19
What is the remainder when 384 is divided by 15?
9
Calculate the remainder when 945 is divided by 25.
20
What is the remainder when 852 is divided by 7?
5
Calculate the remainder when 196 is divided by 106.
90
Calculate the remainder when 279 is divided by 17.
7
What is the remainder when 1076 is divided by 266?
12
Calculate the remainder when 19161 is divided by 74.
69
What is the remainder when 16 is divided by 11?
5
Calculate the remainder when 355 is divided by 30.
25
Calculate the remainder when 256 is divided by 55.
36
Calculate the remainder when 12763 is divided by 185.
183
Calculate the remainder when 9212 is divided by 2300.
12
What is the remainder when 128 is divided by 23?
13
What is the remainder when 249 is divided by 24?
9
What is the remainder when 158 is divided by 48?
14
Calculate the remainder when 5412 is divided by 209.
187
Calculate the remainder when 106 is divided by 50.
6
Calculate the remainder when 288 is divided by 59.
52
What is the remainder when 407 is divided by 55?
22
Calculate the remainder when 2023 is divided by 26.
21
Calculate the remainder when 3117